{"id":770,"date":"2018-08-30T17:06:57","date_gmt":"2018-08-30T20:06:57","guid":{"rendered":"https:\/\/ifdcef-lrj.infd.edu.ar\/sitio\/autoridades\/"},"modified":"2020-03-30T20:57:15","modified_gmt":"2020-03-30T23:57:15","slug":"autoridades","status":"publish","type":"page","link":"https:\/\/ifdcef-lrj.infd.edu.ar\/sitio\/autoridades\/","title":{"rendered":"Autoridades"},"content":{"rendered":"<pre><span style=\"font-family: arial,helvetica,sans-serif;\"><span style=\"font-size: 12pt;\"><span style=\"color: #333399;\"><strong>Director<\/strong><\/span><\/span><\/span><\/pre>\n<pre><span style=\"font-family: arial,helvetica,sans-serif;\"><span style=\"font-size: 12pt;\"><span style=\"color: #333399;\"><span style=\"font-family: arial,helvetica,sans-serif;\">\tProf. GUIDET JULIO CESAR<\/span><\/span><\/span><\/span><\/pre>\n<pre><span style=\"font-family: arial,helvetica,sans-serif;\"><span style=\"font-size: 12pt;\"><span style=\"color: #333399;\"><span style=\"font-family: arial,helvetica,sans-serif;\"><span style=\"font-size: 12pt;\"><strong>Auxiliar de Direcci\u00f3n<\/strong><\/span><\/span><\/span><\/span><\/span><\/pre>\n<pre><span style=\"font-family: arial,helvetica,sans-serif;\"><span style=\"font-size: 12pt;\"><span style=\"color: #333399;\"><span style=\"font-family: arial,helvetica,sans-serif;\"><span style=\"font-size: 12pt;\">\tLic. M\u00f3nica Viviana J\u00f6cker<\/span><\/span><\/span><\/span><\/span><\/pre>\n<pre><span style=\"font-family: arial,helvetica,sans-serif;\"><span style=\"font-size: 12pt;\"><span style=\"color: #333399;\"><span style=\"font-family: arial,helvetica,sans-serif;\"><span style=\"font-size: 12pt;\"><strong>Secretaria<\/strong><\/span><\/span><\/span><\/span><\/span><\/pre>\n<pre><span style=\"font-family: arial,helvetica,sans-serif;\"><span style=\"font-size: 12pt;\"><span style=\"color: #333399;\"><span style=\"font-family: arial,helvetica,sans-serif;\"><span style=\"font-size: 12pt;\">\tProf. <\/span>Marilina Lovricevich<\/span><\/span><\/span><\/span><\/pre>\n<pre><span style=\"font-family: arial,helvetica,sans-serif;\"><span style=\"font-size: 12pt;\"><span style=\"color: #333399;\"><span style=\"font-family: arial,helvetica,sans-serif;\"><span style=\"font-size: 12pt;\"><strong>Jefe de Dpto. de Formaci\u00f3n Inicial<\/strong><\/span><\/span><\/span><\/span><\/span><\/pre>\n<pre><span style=\"font-family: arial,helvetica,sans-serif;\"><span style=\"font-size: 12pt;\"><span style=\"color: #333399;\"><span style=\"font-family: arial,helvetica,sans-serif;\"><span style=\"font-size: 12pt;\">\tLic. <\/span>Marianela Guerrero<\/span><\/span><\/span><\/span><\/pre>\n<pre><span style=\"font-family: arial,helvetica,sans-serif;\"><span style=\"font-size: 12pt;\"><span style=\"color: #333399;\"><span style=\"font-family: arial,helvetica,sans-serif;\"><span style=\"font-size: 12pt;\"><strong>Jefe de Dpto. de Investigaci\u00f3n<\/strong><\/span><\/span><\/span><\/span><\/span><\/pre>\n<pre><span style=\"font-family: arial,helvetica,sans-serif;\"><span style=\"font-size: 12pt;\"><span style=\"color: #333399;\"><span style=\"font-family: arial,helvetica,sans-serif;\">\tLic.<\/span> Victor Garcia<\/span><\/span><\/span><\/pre>\n<pre><span style=\"font-family: arial,helvetica,sans-serif;\"><span style=\"font-size: 12pt;\"><span style=\"color: #333399;\"><span style=\"font-family: arial,helvetica,sans-serif;\"><span style=\"font-size: 12pt;\"><strong>Jefe de\u00a0Dpto. de Capacitaci\u00f3n<\/strong><\/span><\/span><\/span><\/span><\/span><\/pre>\n<pre><\/pre>\n<pre><span style=\"font-family: arial,helvetica,sans-serif;\"><span style=\"font-size: 12pt;\"><span style=\"color: #333399;\"><span style=\"font-family: arial,helvetica,sans-serif;\"><span style=\"font-size: 12pt;\"><strong>Responsables del Dpto. del Alumno<\/strong><\/span><\/span><\/span><\/span><\/span><\/pre>\n<pre><span style=\"font-family: arial,helvetica,sans-serif;\"><span style=\"font-size: 12pt;\"><span style=\"color: #333399;\"><span style=\"font-family: arial,helvetica,sans-serif;\">\tProf. Maximiliano Sanchez<\/span><\/span><\/span><\/span><\/pre>\n<pre><span style=\"font-family: arial,helvetica,sans-serif;\"><span style=\"font-size: 12pt;\"><span style=\"color: #333399;\"><span style=\"font-family: arial,helvetica,sans-serif;\"><span style=\"font-size: 12pt;\">\tProf. <\/span>Miguel Contreras<\/span><\/span><\/span><\/span><\/pre>\n<p>&nbsp;<\/p>\n<p>&nbsp;<\/p>\n","protected":false},"excerpt":{"rendered":"<p>Director Prof. GUIDET JULIO CESAR Auxiliar de Direcci\u00f3n Lic. M\u00f3nica Viviana J\u00f6cker Secretaria Prof. Marilina Lovricevich Jefe de Dpto. de Formaci\u00f3n Inicial Lic. Marianela Guerrero Jefe de Dpto. de Investigaci\u00f3n Lic. Victor Garcia Jefe de\u00a0Dpto. de Capacitaci\u00f3n Responsables del Dpto. del Alumno Prof. Maximiliano Sanchez Prof. Miguel Contreras &nbsp; &nbsp;<\/p>\n","protected":false},"author":413,"featured_media":0,"parent":0,"menu_order":0,"comment_status":"closed","ping_status":"closed","template":"","meta":[],"acf":[],"_links":{"self":[{"href":"https:\/\/ifdcef-lrj.infd.edu.ar\/sitio\/wp-json\/wp\/v2\/pages\/770"}],"collection":[{"href":"https:\/\/ifdcef-lrj.infd.edu.ar\/sitio\/wp-json\/wp\/v2\/pages"}],"about":[{"href":"https:\/\/ifdcef-lrj.infd.edu.ar\/sitio\/wp-json\/wp\/v2\/types\/page"}],"author":[{"embeddable":true,"href":"https:\/\/ifdcef-lrj.infd.edu.ar\/sitio\/wp-json\/wp\/v2\/users\/413"}],"replies":[{"embeddable":true,"href":"https:\/\/ifdcef-lrj.infd.edu.ar\/sitio\/wp-json\/wp\/v2\/comments?post=770"}],"version-history":[{"count":3,"href":"https:\/\/ifdcef-lrj.infd.edu.ar\/sitio\/wp-json\/wp\/v2\/pages\/770\/revisions"}],"predecessor-version":[{"id":801,"href":"https:\/\/ifdcef-lrj.infd.edu.ar\/sitio\/wp-json\/wp\/v2\/pages\/770\/revisions\/801"}],"wp:attachment":[{"href":"https:\/\/ifdcef-lrj.infd.edu.ar\/sitio\/wp-json\/wp\/v2\/media?parent=770"}],"curies":[{"name":"wp","href":"https:\/\/api.w.org\/{rel}","templated":true}]}}